s 3056 divide 3225517600?
False
Is 60 a factor of 157425360?
True
Does 338 divide 154819096?
False
Is 5738925 a multiple of 29?
False
Does 3833 divide 393399781?
False
Is 7698588 a multiple of 223?
False
Does 9 divide 1943707122?
True
Does 479 divide 215208952?
True
Does 169 divide 696576453?
False
Does 19 divide 35382845?
True
Is 22497720 a multiple of 420?
True
Is 12 a factor of 738509995?
False
Does 438 divide 24007121?
False
Does 3782 divide 166200661?
False
Is 584945818 a multiple of 38?
True
Does 16 divide 1845920?
True
Is 18 a factor of 2718173?
False
Does 8 divide 524881771?
False
Is 570 a factor of 24442170?
True
Is 21050910 a multiple of 18?
True
Does 5418 divide 1418849586?
True
Does 571 divide 28474628?
True
Is 869 a factor of 24436280?
True
Does 79 divide 46970147?
False
Is 175369786 a multiple of 58?
True
Does 25 divide 10066241?
False
Is 6 a factor of 3442707?
False
Is 282 a factor of 235816014?
True
Is 88 a factor of 120171022?
False
Does 6467 divide 105543143?
False
Is 12337365 a multiple of 73?
True
Does 526 divide 118793944?
True
Is 2004646540 a multiple of 59?
True
Does 932 divide 46311385?
False
Does 61 divide 236335899?
True
Is 3100556933 a multiple of 166?
False
Is 182065950 a multiple of 6?
True
Is 940 a factor of 25100133?
False
Is 64022530 a multiple of 1430?
True
Is 2 a factor of 84816378?
True
Is 165067600 a multiple of 146?
True
Does 2398 divide 67980902?
True
Is 197573400 a multiple of 225?
True
Is 8223 a factor of 286476118?
False
Is 1126 a factor of 32987561?
False
Is 199882614 a multiple of 4885?
False
Does 7 divide 353957387?
True
Is 923013 a multiple of 147?
True
Does 2360 divide 9555551?
False
Is 800 a factor of 53251200?
True
Does 423 divide 324263113?
False
Is 2882 a factor of 17995208?
True
Is 117 a factor of 30753801?
True
Is 32324713 a multiple of 5641?
False
Is 325575020 a multiple of 4?
True
Does 14 divide 122418227?
False
Does 2142 divide 207636306?
False
Does 16 divide 222307936?
True
Does 2168 divide 131768918?
False
Is 6 a factor of 1217951905?
False
Is 924 a factor of 117456108?
True
Is 37972110 a multiple of 15?
True
Does 509 divide 5017401839?
True
Is 3014440 a multiple of 34?
True
Does 900 divide 2371340402?
False
Does 73 divide 2379654?
True
Is 205 a factor of 1506750?
True
Is 18305271 a multiple of 28?
False
Is 36632559 a multiple of 545?
False
Is 193 a factor of 100303037?
False
Is 7039 a factor of 4930687209?
False
Does 12 divide 283901?
False
Does 2 divide 8714532?
True
Does 2094 divide 150570349?
False
Does 200 divide 161221600?
True
Does 2079 divide 64011318?
False
Is 47713642 a multiple of 58?
True
Is 14 a factor of 58256356?
False
Is 180 a factor of 1527244560?
True
Is 4572932 a multiple of 34?
True
Is 2991 a factor of 94046013?
True
Is 216172620 a multiple of 19?
False
Is 53430978 a multiple of 69?
True
Is 6918318 a multiple of 14?
False
Is 3611 a factor of 18690536?
True
Is 82151897 a multiple of 704?
False
Is 331492050 a multiple of 6?
True
Is 1570177665 a multiple of 985?
True
Does 3 divide 278034010?
False
Is 5 a factor of 25741243?
False
Does 12 divide 791589540?
True
Does 150 divide 3881793900?
True
Is 503 a factor of 38359649?
False
Is 5756474506 a multiple of 9293?
True
Is 252 a factor of 73370556?
True
Is 2 a factor of 425084784?
True
Does 2029 divide 213453565?
False
Is 741856500 a multiple of 45?
True
Is 15 a factor of 6332025?
True
Does 22 divide 609625566?
True
Is 181306512 a multiple of 1592?
True
Is 106 a factor of 1475709528?
True
Is 44248675 a multiple of 25?
True
Is 10 a factor of 599409040?
True
Does 11 divide 116680085?
False
Does 51 divide 23440692?
False
Does 2893 divide 263676737?
False
Is 10 a factor of 3363267780?
True
Is 13 a factor of 256356948?
False
Does 14 divide 195602022?
True
Does 75 divide 39051675?
True
Does 3 divide 2242129?
False
Does 78 divide 171875106?
True
Is 776 a factor of 12610776?
True
Is 64871595 a multiple of 1237?
False
Is 29 a factor of 5043569?
False
Is 87391414 a multiple of 18?
False
Is 82105226 a multiple of 118?
True
Is 166775400 a multiple of 600?
True
Does 1028 divide 224745954?
False
Is 2482 a factor of 18395402?
False
Is 6 a factor of 81223524?
True
Does 56 divide 13398062?
False
Is 28 a factor of 80162297?
False
Is 37 a factor of 856081538?
False
Is 47202806 a multiple of 4?
False
Is 119 a factor of 10804683?
False
Does 25 divide 557581125?
True
Is 62514484 a multiple of 134?
True
Is 234 a factor of 72719030?
False
Is 605 a factor of 3182905?
True
Is 399412831 a multiple of 420?
False
Does 199 divide 979949033?
True
Does 9 divide 165943690?
False
Is 92649615 a multiple of 15?
True
Is 6 a factor of 18187996?
False
Is 166635326 a multiple of 17?
True
Is 10 a factor of 17540440?
True
Is 34508503 a multiple of 7?
False
Does 21 divide 36170358?
True
Is 202181382 a multiple of 9?
True
Does 554 divide 9547082?
True
Does 207 divide 62057616?
False
Is 1912009980 a multiple of 2148?
True
Is 1127281506 a multiple of 450?
False
Does 253 divide 14711444?
True
Does 41 divide 35475512?
False
Is 9046708 a multiple of 2197?
False
Does 99 divide 2115174112?
False
Does 2 divide 5479875?
False
Is 97 a factor of 45563766?
False
Does 204 divide 90545387?
False
Does 588 divide 84958944?
True
Is 5190867 a multiple of 9?
True
Does 21 divide 65374484?
False
Does 679 divide 13856177?
False
Is 1027101852 a multiple of 51?
True
Does 48 divide 71984208?
True
Is 47994190 a multiple of 122?
True
Is 11999680 a multiple of 385?
True
Is 5417 a factor of 132307128?
False
Is 145936883 a multiple of 1174?
False
Does 336 divide 181513920?
True
Is 16 a factor of 31067680?
True
Is 787755507 a multiple of 2247?
True
Is 50949456 a multiple of 2647?
True
Is 456 a factor of 228157122?
False
Is 11 a factor of 78203631?
True
Is 29633289 a multiple of 67?
False
Is 80923176 a multiple of 79?
True
Is 160296084 a multiple of 30?
False
Is 16 a factor of 156726496?
True
Is 1786722757 a multiple of 61?
True
Is 10 a factor of 1995590?
True
Is 10 a factor of 86928560?
True
Is 7506463 a multiple of 767?
False
Does 4205 divide 122673651?
False
Is 17 a factor of 362652981?
False
Is 1141 a factor of 2277436?
True
Is 52 a factor of 52685204?
True
Is 181 a factor of 251262946?
False
Does 20 divide 3486948000?
True
Is 96 a factor of 1807945440?
True
Is 273 a factor of 42499134?
False
Is 208 a factor of 626679872?
True
Does 57 divide 140255625?
True
Does 8 divide 131635592?
True
Does 1829 divide 133376725?
False
Does 288 divide 4843869224?
False
Does 2005 divide 18782298?
False
Is 13 a factor of 297590735?
True
Is 2366 a factor of 31330903?
False
Is 81770483 a multiple of 547?
True
Does 25 divide 18109391?
False
Does 6 divide 671602638?
True
Does 1240 divide 120880160?
True
Is 4 a factor of 9861016?
True
Is 28 a factor of 122875028?
False
Is 111 a factor of 4600840?
False
Is 43 a factor of 6932632?
True
Is 1246 a factor of 341355785?
False
Is 162981728 a multiple of 56?
True
Is 814 a factor of 19771246?
True
Does 80 divide 630474560?
True
Does 1030 divide 20286880?
True
Is 777 a factor of 2897236419?
True
Is 32 a factor of 96095648?
True
Does 28 divide 171528112?
True
Does 532 divide 170726119?
False
Is 15 a factor of 87518745?
True
Is 525866063 a multiple of 1987?
False
Is 56 a factor of 679742089?
False
Is 485 a factor of 1727874095?
True
Is 215449927 a multiple of 2822?
False
Is 108935710 a multiple of 65?
True
Is 1460192388 a multiple of 37?
False
Is 106 a factor of 1621082592?
True
Does 55 divide 14581105?
True
Is 1196 a factor of 601870256?
True
Is 2229034966 a multiple of 32?
False
Is 148820592 a multiple of 350?
False
Does 631 divide 23914393?
False
Does 47 divide 60274727?
True
Is 13 a factor of 273610103?
True
Is 78963078 a multiple of 73?
True
Is 389 a factor of 24212229?
False
Is 4399424610 a multiple of 15?
True
Does 272 divide 1681873376?
True
Is 62 a factor of 200884432?
False
Does 1687 divide 225581745?
False
Does 7 divide 424717699?
True
Is 2523190405 a multiple of 182?
False
Is 2198 a factor of 853966227?
False
Is 40 a factor of 378400?
True
Is 65 a factor of 440245?
True
Does 2116 divide 1741948332?
True
Is 1637346425 a multiple of 715?
True
Does 3048 divide 32100138?
False
Is 40613693 a multiple of 4816?
False
Is 15344897 a multiple of 17?
True
Does 554 divide 203